tor of 1420?
True
Is 119572 a multiple of 34?
False
Is 118 a factor of 9405?
False
Does 19 divide 1072?
False
Is 2431 a multiple of 25?
False
Does 15 divide 2243?
False
Is 3940 a multiple of 5?
True
Does 12 divide 19704?
True
Does 168 divide 2019?
False
Is 2 a factor of 3798?
True
Is 8 a factor of 251?
False
Is 105 a factor of 900?
False
Does 63 divide 9576?
True
Does 2 divide 515?
False
Does 18 divide 723?
False
Does 232 divide 18560?
True
Does 25 divide 30522?
False
Is 11 a factor of 8271?
False
Does 132 divide 23496?
True
Is 41123 a multiple of 82?
False
Is 18 a factor of 234?
True
Is 36 a factor of 38?
False
Is 3237 a multiple of 3?
True
Does 142 divide 10415?
False
Is 20 a factor of 3715?
False
Is 1060 a multiple of 12?
False
Is 7 a factor of 15547?
True
Is 39088 a multiple of 98?
False
Does 10 divide 775?
False
Is 4134 a multiple of 53?
True
Is 14 a factor of 1446?
False
Is 44 a factor of 5500?
True
Is 2 a factor of 961?
False
Does 12 divide 1152?
True
Does 8 divide 2669?
False
Is 24174 a multiple of 102?
True
Does 32 divide 725?
False
Does 31 divide 248?
True
Is 3424 a multiple of 22?
False
Does 141 divide 2420?
False
Does 76 divide 12008?
True
Does 22 divide 286?
True
Is 20 a factor of 121180?
True
Is 11313 a multiple of 27?
True
Is 387 a multiple of 46?
False
Is 168 a multiple of 21?
True
Is 14 a factor of 840?
True
Does 48 divide 27312?
True
Is 131 a multiple of 14?
False
Is 17 a factor of 323?
True
Is 5180 a multiple of 20?
True
Does 9 divide 1078?
False
Is 16 a factor of 1167?
False
Is 169 a factor of 79127?
False
Does 21 divide 22114?
False
Does 16 divide 29104?
True
Does 18 divide 3257?
False
Is 87 a factor of 7047?
True
Is 1665 a multiple of 37?
True
Is 13 a factor of 2186?
False
Does 14 divide 1069?
False
Is 335 a multiple of 5?
True
Is 2304 a multiple of 36?
True
Is 25816 a multiple of 56?
True
Does 6 divide 535?
False
Is 1068 a multiple of 3?
True
Does 9 divide 558?
True
Is 3639 a multiple of 142?
False
Is 16 a factor of 33360?
True
Does 16 divide 100976?
True
Is 9 a factor of 18072?
True
Is 12 a factor of 1296?
True
Does 15 divide 973?
False
Does 45 divide 9376?
False
Is 7 a factor of 406?
True
Is 1107 a multiple of 27?
True
Is 172 a multiple of 4?
True
Is 12 a factor of 845?
False
Is 10 a factor of 2930?
True
Does 63 divide 756?
True
Is 4818 a multiple of 33?
True
Is 943 a multiple of 41?
True
Does 10 divide 28756?
False
Does 58 divide 1450?
True
Is 13 a factor of 1221?
False
Does 2 divide 4055?
False
Is 63 a factor of 63?
True
Is 9 a factor of 9864?
True
Does 30 divide 41106?
False
Is 1295 a multiple of 37?
True
Does 14 divide 23151?
False
Is 1316 a multiple of 2?
True
Is 1923 a multiple of 11?
False
Is 651 a multiple of 5?
False
Is 4 a factor of 160?
True
Is 31 a factor of 1022?
False
Is 17 a factor of 119?
True
Does 4 divide 196?
True
Is 194 a multiple of 4?
False
Does 2 divide 29?
False
Is 68 a factor of 492?
False
Does 7 divide 2450?
True
Is 538 a multiple of 10?
False
Is 21131 a multiple of 17?
True
Is 830 a multiple of 5?
True
Is 435 a multiple of 29?
True
Is 28 a factor of 3500?
True
Is 21084 a multiple of 17?
False
Is 321 a multiple of 7?
False
Is 10345 a multiple of 36?
False
Is 7098 a multiple of 169?
True
Is 897 a multiple of 18?
False
Is 13 a factor of 1677?
True
Is 15006 a multiple of 23?
False
Is 76 a factor of 9501?
False
Does 23 divide 18459?
False
Is 4290 a multiple of 10?
True
Does 14 divide 126?
True
Does 30 divide 41355?
False
Is 177 a multiple of 3?
True
Does 26 divide 29120?
True
Does 43 divide 7337?
False
Is 19 a factor of 7587?
False
Is 5972 a multiple of 27?
False
Is 321 a multiple of 28?
False
Does 13 divide 6123?
True
Is 22555 a multiple of 26?
False
Does 21 divide 6272?
False
Is 11 a factor of 378?
False
Is 49 a factor of 196?
True
Is 27882 a multiple of 23?
False
Is 39 a factor of 4251?
True
Does 26 divide 44933?
False
Is 11616 a multiple of 88?
True
Is 15120 a multiple of 54?
True
Is 41432 a multiple of 9?
False
Is 51 a factor of 969?
True
Does 31 divide 1891?
True
Is 59 a factor of 1007?
False
Is 1104 a multiple of 24?
True
Is 12 a factor of 828?
True
Is 28 a factor of 952?
True
Is 5 a factor of 2615?
True
Is 7368 a multiple of 59?
False
Is 34 a factor of 424?
False
Is 195 a factor of 87586?
False
Does 50 divide 26709?
False
Does 11 divide 8338?
True
Is 182 a multiple of 47?
False
Is 495 a multiple of 12?
False
Does 18 divide 883?
False
Is 100 a factor of 21400?
True
Is 8411 a multiple of 7?
False
Is 36252 a multiple of 34?
False
Does 15 divide 4080?
True
Is 780 a multiple of 52?
True
Is 1273 a multiple of 34?
False
Is 206 a factor of 18746?
True
Is 13 a factor of 8541?
True
Is 587 a multiple of 39?
False
Does 66 divide 3168?
True
Is 5 a factor of 160?
True
Does 25 divide 22211?
False
Does 15 divide 89826?
False
Is 65 a multiple of 13?
True
Does 11 divide 8184?
True
Is 1236 a multiple of 12?
True
Does 31 divide 217?
True
Is 3080 a multiple of 40?
True
Is 2599 a multiple of 38?
False
Is 16 a factor of 132?
False
Is 8962 even?
True
Is 31003 a multiple of 4?
False
Is 18 a factor of 540?
True
Is 38 a factor of 4218?
True
Is 56746 a multiple of 34?
True
Does 21 divide 77459?
False
Is 26465 a multiple of 89?
False
Is 4484 a multiple of 76?
True
Does 6 divide 1116?
True
Is 2407 a multiple of 18?
False
Is 15549 a multiple of 73?
True
Does 6 divide 2100?
True
Does 123 divide 86100?
True
Is 5559 a multiple of 2?
False
Is 18201 a multiple of 54?
False
Does 20 divide 700?
True
Is 13 a factor of 7540?
True
Is 108 a factor of 324?
True
Is 8 a factor of 1376?
True
Is 310 a multiple of 11?
False
Does 4 divide 48?
True
Does 2 divide 2232?
True
Does 127 divide 2522?
False
Is 3 a factor of 2207?
False
Is 160 a multiple of 4?
True
Is 23 a factor of 2829?
True
Does 327 divide 21029?
False
Is 22440 a multiple of 40?
True
Is 615 a multiple of 41?
True
Is 900 a multiple of 4?
True
Does 61 divide 2135?
True
Is 63451 a multiple of 19?
False
Is 9 a multiple of 3?
True
Is 33 a factor of 6182?
False
Is 743 even?
False
Is 8 a factor of 344?
True
Does 34 divide 303?
False
Is 1609 a multiple of 10?
False
Does 18 divide 8334?
True
Is 3 a factor of 252?
True
Is 1185 a multiple of 15?
True
Does 12 divide 4656?
True
Is 180 a multiple of 10?
True
Is 5825 a multiple of 2?
False
Is 30 a factor of 1760?
False
Is 32 a factor of 22976?
True
Is 57 a factor of 798?
True
Is 9 a factor of 29473?
False
Does 7 divide 105119?
True
Is 81 a factor of 810?
True
Does 21 divide 6944?
False
Is 61 a factor of 2288?
False
Does 3 divide 39?
True
Does 27 divide 69492?
False
Is 49 a factor of 746?
False
Is 4398 a multiple of 60?
False
Does 25 divide 7131?
False
Does 5 divide 8070?
True
Is 25 a factor of 7273?
False
Is 70946 a multiple of 18?
False
Is 3234 a multiple of 107?
False
Does 24 divide 7159?
False
Is 59 a factor of 1593?
True
Does 13 divide 14008?
False
Does 10 divide 66?
False
Does 2 divide 7317?
False
Is 10 a factor of 33703?
False
Does 14 divide 47579?
False
Is 26 a factor of 702?
True
Is 10044 a multiple of 31?
True
Is 83 a factor of 8300?
True
Is 30 a factor of 9300?
True
Does 5 divide 190?
True
Does 12 divide 13644?
True
Does 23 divide 8855?
True
Is 20727 a multiple of 7?
True
Is 17 a factor of 61387?
True
Is 43 a factor of 172?
True
Does 2 divide 4463?
False
Is 9 a factor of 540?
True
Does 10 divide 270?
True
Does 69 divide 15937?
False
Is 25655 a multiple of 9?
False
Is 38 a factor of 19874?
True
Does 25 divide 1122?
False
Is 16 a factor of 53840?
True
Does 86 divide 4472?
True
Does 7 divide 8580?
False
Does 63 divide 15813?
True
Is 605 a multiple of 55?
True
Is 20 a factor of 434?
False
Does 50 divide 10545?
False
Is 943 a multiple of 23?
True
Is 5 a factor of 1870?
True
Is 1089 a multiple of 17?
False
Does 12 divide 1536?
True
Is 31 a factor of 68696?
True
Is 115 a factor of 4600?
True
Is 378 a multiple of 21?
True
Does 49 divide 5978?
True
Is 713 a multiple of 9?
False
Is 5742 a multiple of 58?
True
Does 19 divide 26505?
True
Is 17066 a multiple of 106?
True
Is 54 a factor of 1674?
True
Is 110 a factor of 55550?
True
Is 3584 a multiple of 8?
True
Is 102 a factor of 1673?
False
Is 40823 a multiple of 14?
False
Is 498 a multiple of 11?
False
Is 3321 a multiple of 37?
False
Is 229 a factor of 33294?
False
Is 6272 a multiple of 49